*v + j = v - s, 5*j = -v + 629. Suppose -3*q - 4*z = -931, 3*q + z + v = 5*q. Is q prime?
True
Is -4*(-5 - (-36205)/(-20)) prime?
False
Let i(g) = -6*g**2 + 13 + 18*g**2 + 11*g**2 - 3*g. Is i(3) composite?
False
Suppose 2407 + 12784 = -l. Let j = l - -22386. Is j a composite number?
True
Let a = 11607 + -4936. Let g = a - 4620. Is g a composite number?
True
Is 87598 + 2*60/(-24) composite?
True
Suppose 2*g - 2*j = 10 - 0, j + 17 = 5*g. Suppose -55 = -g*m + 326. Is m a composite number?
False
Let b(s) = 2*s**3 - 3*s**2 - 7*s + 6. Let f be b(9). Suppose -5*d - 343 = -f. Suppose 4*i - 1007 = -d. Is i prime?
True
Let y(m) be the first derivative of -99*m**2/2 - 10*m + 30. Is y(-11) a composite number?
True
Let f(w) = -1199*w**2 - 4*w - 4. Let n(k) = 10790*k**2 + 35*k + 35. Let j(u) = 35*f(u) + 4*n(u). Is j(1) composite?
True
Let j = -4384 - -6582. Let w = j - 1099. Is w prime?
False
Let f(r) be the first derivative of 7*r**5/30 - r**4/8 + 4*r**3/3 - 2. Let l(k) be the third derivative of f(k). Is l(2) composite?
False
Let f(x) = 57*x**2 - 6*x - 50. Is f(9) composite?
False
Let w = -23 + 23. Let b = -7 - w. Let m(p) = 2*p**2 + 5*p - 10. Is m(b) a prime number?
True
Let t(v) = v**3 - 4*v**2 - v + 6. Let x be t(4). Suppose 3*r - 664 = -5*p, -r - p + 656 = x*r. Is r a prime number?
False
Let s(l) = l**3 - 6*l**2 + 6*l + 4. Let j be s(5). Suppose j*c + 3*c = 18264. Is c composite?
True
Suppose -52119 - 5929 = 4*x. Let p = x - 9054. Is 4/10 + p/(-10) a composite number?
False
Let v = 6 + -4. Suppose -8*d + 3*d - 4*i + 21 = 0, v*d + 3*i = 14. Is 124 + -4 + d - 2 a prime number?
False
Suppose 34*f = 20*f + 16982. Is f prime?
True
Let l(c) = -c**3 - 10*c**2 + 12*c + 14. Let i be l(-11). Suppose 2*s - 1076 = -4*j, 4*s = -j - 304 + 2456. Suppose -i*m + 5*m = s. Is m prime?
True
Let w(f) = 4*f**2 + 24*f - 85. Is w(21) prime?
False
Suppose 30571 = 8*x - 50413. Is x prime?
False
Suppose 6*u - 5*u = 0. Suppose 3*b + u*b = -5*p - 2000, 0 = -2*p - 2*b - 804. Let v = -268 - p. Is v prime?
False
Suppose 18*f = 15*f + 15. Suppose 2*i - f*g = 45, -2*i - 2 = -3*g - 37. Is 2/(-5) - (-11154)/i a prime number?
False
Let k(l) = -31*l + 3. Let r be k(4). Let d(a) = -1610*a**2 + 3*a - 1. Let w be d(2). Is w/r - 4/22 a composite number?
False
Let y(g) = 594*g**2 + 5*g + 5. Is y(-4) a composite number?
True
Suppose 3*p - g - 19738 = 0, 3*p - 2*g - 2918 - 16815 = 0. Is p a prime number?
True
Suppose -2*i + 0*i + 4 = 0. Suppose -p - i*p + 18 = 0. Suppose -4*w = -p*w + 102. Is w a composite number?
True
Let k(o) = -o**2 - 5*o. Let a be k(0). Is 3261 + ((a/(-4))/1 - 0) composite?
True
Let p = 26533 + -6080. Is p composite?
True
Let s be 6/(-9) - (-2)/3. Suppose -2*v - 2*j + 80 = s, v + 4*v - 165 = 2*j. Is v/(-5)*(-1 + 0) a prime number?
True
Let s(o) be the first derivative of -52*o**2 - 6*o + 4. Let b be s(-5). Suppose 4*j - b = 2*j. Is j composite?
False
Let x(k) = -k**2 - 13*k - 12. Let d be x(-12). Let m be (-5)/15 - 3/(-9). Suppose 2*v = 3*w + 376, d = -m*w - w + 4. Is v a prime number?
False
Is (-305826)/(-21) + (-7)/49 a composite number?
False
Let y(j) = -j**2 - j + 1. Let g be y(0). Suppose 4*n + 5*m + 14 = 0, 2*m + 1 + 4 = -n. Is (g/1*-109)/n composite?
False
Suppose 3*p + 5*h - 21901 - 6521 = 0, 2*p - 18935 = h. Is p a composite number?
True
Let y be -2 + -4*(-415)/(-10). Let f = -1 + 44. Let l = f - y. Is l prime?
True
Let r = -14944 + 31215. Is r a prime number?
False
Let w(g) = -g**3 + 7*g**2 + 8*g. Suppose f - 6*f = -5*p - 15, 4*p - 20 = 0. Let i be w(f). Suppose 5*j - 436 = 4*s - 3*s, -3*s - 3 = i. Is j composite?
True
Let h be 738/21*5/(20/56). Let a = h - 41. Is a composite?
True
Let h(z) = 6 + 2*z**2 - z**2 - 6*z - 3. Suppose -3*v = -5*c - v - 40, 3*v - 35 = 5*c. Is h(c) composite?
False
Is (-1 + -11 + 1)/((-4)/35764) a composite number?
True
Let s(a) = 449*a**2 - 33*a + 15. Is s(11) prime?
False
Suppose 3*y + 734 = 4*w - 387, -3*w = -3*y - 837. Let h(a) = -a**3 + 12*a**2 - 9*a - 20. Let b be h(11). Is w + 0 + (5 - b) prime?
False
Suppose 0 = 6*w + 4*w + 10030. Let d = w + 1874. Is d a composite number?
True
Suppose 0 = -2*q + q - x - 416, x = 5. Let z = q + 288. Let i = 260 + z. Is i prime?
True
Let y be 3 + -6 + ((-1)/1 - -5). Is (858 - 2 - 3)*y a composite number?
False
Let x be (-122)/18 - (-34)/(-153). Is ((-2)/6)/(x/29589) a composite number?
False
Suppose -8*o - 4 = -36. Suppose -o*y + 111 = -229. Is y composite?
True
Let j be 0 + 0 - (0 + 193). Suppose 4*b - 2*b = -276. Let y = b - j. Is y a prime number?
False
Let d = 43 + -44. Let n(q) = -238*q - 3. Is n(d) prime?
False
Is -3 + 13 + 1074843/7 a composite number?
True
Let q = 973 + -654. Is q a prime number?
False
Let g = -29 - -31. Is g/(-10) + 6664/70 a composite number?
True
Let l = -139 - -145. Is (-4)/l + (-13656)/(-18) + -7 a prime number?
True
Let y = -97 + 94. Is -3*y/(-18)*-1814 a composite number?
False
Let z be (-6)/24 + 47/(-4). Let m = 14 + z. Suppose 2*y = 3*n + 477 + 23, 3*y - m*n = 755. Is y a composite number?
True
Suppose 2*p + 5*y + 3 = -8, 0 = 4*p - 4*y - 20. Suppose k + 1055 = -2*x - x, -1740 = 5*x - p*k. Let g = x + 529. Is g composite?
False
Let x(t) = 607*t - 102. Is x(13) prime?
True
Suppose -25 = -5*h + 3*j + 5191, -2*j = h - 1038. Let m be (-4)/14 - (-36735)/21. Let a = m - h. Is a a composite number?
True
Suppose -4 = -0*u - 2*u. Suppose 0 = 4*b - a - 484, 0*b - u*b - 2*a = -232. Suppose 34 - b = -2*p. Is p composite?
False
Suppose 0 = -p + 140101 + 23712. Is p a composite number?
True
Suppose -306*y - 35886 = -312*y. Is y prime?
True
Let k = 15 - 1. Let d be -4 + 2 + -6 + k. Suppose 0 = -d*m + m + 435. Is m a prime number?
False
Suppose 611*n = 620*n - 17109. Is n a composite number?
False
Suppose 16*o - 2*r - 21604 = 14*o, -3*o - 3*r = -32400. Is o prime?
False
Let u = -25 - -73. Suppose 0 = -4*k + 4*a + u, 2*a - 5*a = -k + 22. Suppose -6*v - 347 = -k*v. Is v prime?
True
Suppose 81*b = 82*b. Suppose 4*o - t - 6175 = -0*o, 5*o - 2*t - 7721 = b. Is o composite?
False
Suppose 5*o = 11*o. Is (4 - o) + 395 + 4 a prime number?
False
Let h(g) = -g - 1. Let p(o) = -o + 4. Let b(w) = -6*h(w) - p(w). Let j be b(1). Let i(s) = 8*s - 13. Is i(j) composite?
False
Let h = 148034 - 80695. Is h a composite number?
False
Suppose c + 1311 = 4*c. Let d be (1*-4)/12 + 12/9. Is (d + 50)*c/57 a prime number?
False
Let v(t) = 6*t**2 - 61*t + 61. Is v(24) a composite number?
False
Let h(s) = 3*s**3 - 2*s - 3. Let x be h(-2). Let z = -12 - x. Is 3274/22 - (-2)/z a prime number?
True
Let d(z) = 1217*z + 35. Is d(4) a composite number?
False
Let w(m) = m**3 + m**2 - m - 1. Let f(o) = 4*o**3 + 7*o**2 - 3*o - 2. Let j(z) = f(z) - 3*w(z). Let q be j(-3). Is ((-28)/q)/(3/(-15)) a composite number?
True
Let t(v) = 3*v**3 + 3*v**2 - 25*v + 10. Is t(11) composite?
False
Let z = -12 + 14. Suppose 0 = c - 3*m + 10, -z*m - 2*m = 5*c - 7. Is (-3 - c)*(-1341)/18 prime?
True
Let h(o) = -3090*o + 3. Let z be h(-3). Suppose -5*g = -z + 3133. Suppose -3*u - g = -7*u. Is u a prime number?
True
Let z(f) = -12*f + 191. Is z(0) a composite number?
False
Let c(n) = -n**2 - 3*n + 2. Let o be c(-2). Suppose -1405 = -p - 4*j, -5*p + 2*p + o*j = -4231. Is p a composite number?
False
Suppose 3*u - 54120 = -3*n, -54121 = u - 4*u - 2*n. Is u a composite number?
False
Let h = 117 + -125. Let f = 5 + 62. Let j = f + h. Is j composite?
False
Suppose s - 320 = -3*b, s + b - 164 - 150 = 0. Is s a composite number?
False
Let h(k) be the first derivative of k**3/3 - 2*k**2 - 7*k - 1. Let i be h(5). Is 393/30*i*-5 composite?
False
Suppose 2*a - 2261 - 1081 = 0. Is a a composite number?
True
Let q(k) = -150*k - 17. Let l be q(-4). Let i = l - 164. Is i prime?
True
Let i be (-1)/(-6) - (-66)/36. Let j be (1012 - -4)/(2/i). Is (-6)/(-4)*j/12 a composite number?
False
Suppose 44*l = 16*l - 336. Suppose 3*n - 154 = -2*m + 97, 2*m = -4*n + 250. Let x = l + m. Is x prime?
False
Let l(w) = -2*w**3 - 9*w**2 - 9*w - 9. Let a(k) = k**3 - k**2 - k - 1. Let u(m) = -22*a(m) + 2*l(m). Let g be u(-3). Suppose -5*b + g = -15. Is b prime?
True
Let s = -1798 + -438. Let y be (-62)/6 - 1/(-3). Is 6/y - s/10 a prime number?
True
Let b be 5 + (-10)/14 + 6/(-21). Let q(u) = 40*u + 31. Is q(b) a prime number?
True
Let i(v) = -7 + 2*v**3 - 22*v**2 + 18*v*